?
True
Let h(p) = 6*p - 67. Let c(u) = u**2 + 11*u - 134. Let r(z) = 3*c(z) - 5*h(z). Is r(9) composite?
True
Let w(h) = 2*h - 36. Let j be w(18). Suppose -3*a + 58 = 5*c, 5*a - 108 = -j*a + 3*c. Is (-1774)/(-7) + 8/((-392)/a) prime?
False
Let m = -14144 - -41287. Is m a prime number?
True
Let l be 1/(-2) + 1506/(-4). Let h = 324 - l. Is h a composite number?
False
Suppose 2*a - 242 - 12696 = -2*r, 0 = -2*r + a + 12920. Is r prime?
False
Let l = 4 - 1. Let w(h) = 4 - 17*h**3 + 16*h**l + 19*h + 3 + 23*h**2. Is w(10) a composite number?
True
Is (-1779288)/(-10) - -2 - 4*8/(-160) composite?
True
Is -10 + ((-13070704)/(-28) - 1/(-7)) composite?
False
Let b(i) = 137*i**3 - 13*i**2 + 3*i + 76. Is b(17) composite?
False
Suppose -8 + 0 = -2*u, 0 = -4*j - 2*u + 114960. Is j a composite number?
True
Is 1*6 + (3 - -3 - (-119399 + -131)) composite?
True
Suppose -55*k - 773461 = -68*k. Is k composite?
False
Suppose -32*z + 19*z = 13*z - 13863538. Is z a prime number?
True
Let p be (0 + 3 - -13)*20/2. Suppose -765 = 5*x - p. Let k = x + 270. Is k composite?
False
Let n = 69497 + -6384. Is n prime?
True
Let q(w) be the first derivative of -3*w**2/2 - 7*w + 48. Let n be q(-3). Suppose -n*r - 4 = -3318. Is r composite?
False
Suppose -4*s + 6*s - 2173 = 3*o, 2*o = 4*s - 4366. Let r = s + 3492. Is r a prime number?
False
Let p = 128927 + 547976. Is p prime?
True
Let b(z) = 1611*z**2 - 49*z + 119. Is b(6) prime?
False
Suppose 66*q - 25*q - 934964 = 0. Let l = -7655 + q. Is l prime?
True
Suppose 4*z - 2*z - 4*i - 1676 = 0, -2528 = -3*z - i. Suppose z = 8*r - 37694. Is r composite?
False
Let u = 1916 + -1353. Let s = u + -340. Suppose g - 4*b - s = 0, 2*g + 5*b = 2*b + 446. Is g a prime number?
True
Let y(r) = -26*r**3 + r**2 + 2*r - 21. Let p = -484 + 480. Is y(p) a composite number?
True
Suppose 66313 = 122*c - 121*c - 4*d, -2*d + 331653 = 5*c. Is c composite?
True
Let y = -31786 - -48765. Is y prime?
True
Suppose -4776 = 3*r + 4*b - b, 2*r + 3166 = 4*b. Let v = 43 - r. Suppose 10*p - 278 = v. Is p a composite number?
False
Let m = 3053 - 9467. Let o = 16829 + m. Is o a composite number?
True
Is ((-122663)/3)/(-12 - (-945)/81) a composite number?
False
Is 38130*1 - 133/19 composite?
True
Let i = 115224 + -26447. Is i a prime number?
False
Let s be (-64)/(-6)*9/6. Suppose 0 = -11*n + s*n - 18595. Is n a prime number?
True
Is (-37278 + (-40)/(-8))/((-2)/10) composite?
True
Suppose 5*l - 8 + 28 = 0. Let m(h) = -81*h**3 + 6*h**2 - 12*h - 25. Is m(l) a composite number?
False
Is (-409172)/(4/24 - (-800)/(-192)) a composite number?
False
Is (1352 + -45)/(3/159) a prime number?
False
Let c = 12367 - 1823. Is (2/12*3)/(4/c) composite?
True
Suppose 0 = 2*a - 4514 + 15134. Suppose k - 2*k = 7. Is a/(-14) + 2/k composite?
False
Suppose 0 = 4*u + o + 182233, -136662 = -22*u + 25*u + 5*o. Let q = -27696 - u. Is q prime?
True
Suppose a - y = 0, 2*a = -79*y + 80*y + 6. Suppose -2*u = -u - 7540. Suppose u = a*i - 170. Is i a prime number?
False
Let h be -4 + (155744/6 - 4/(-6)). Suppose -17*x = 2*x - h. Is x composite?
True
Suppose -5*n + 4*d = 9*d - 41935, -n + 8399 = -3*d. Suppose -c = 4*t - 14850, 5*t + n = -c + 26953. Is t composite?
True
Suppose 0 = -5*j - 4*h + 304211, -8*h - 304175 = -5*j - 3*h. Is j a composite number?
True
Suppose -19 - 23 = -7*c. Let n be (-12 + 6)/(c/8). Is (-3262)/n + 4 + 38/(-8) a prime number?
False
Let d(o) = 23*o**3 + 66*o**2 + 84*o - 72. Is d(31) composite?
False
Let w(s) = -s**3 - 53*s**2 + 10*s + 331. Is w(-56) a prime number?
False
Let j(l) = l**2 + 23*l + 75. Let v be j(-19). Is (27790/4 - v) + (-231)/154 a prime number?
True
Suppose -4*b - 17691 = -3*r - 0*r, 5*r = -4*b - 17651. Suppose -2*v - 12416 = 4*s, 2*s - 3*s = 2*v + 12431. Let u = b - v. Is u composite?
True
Suppose -13*b - 8*b - 32718 = 0. Let g = 7825 - b. Is g a prime number?
False
Let s = 17471 - 17390. Let x = -2183 - -8025. Let t = x + s. Is t a prime number?
True
Is (2 + 3)/(145/114637) prime?
False
Let q(a) = 5*a + 13. Let k be q(-2). Let n be (-32)/(-6) + (-13)/k + 4. Suppose -n*y + 2223 = -2*t, 2*y - 5*t + 3*t = 888. Is y composite?
True
Suppose 0 = -140*b - 92*b + 34747259 + 31076013. Is b a prime number?
True
Is -2 - -4 - (701858024/(-2584) - 4/34) composite?
False
Let c(l) = -63506*l + 2013. Is c(-1) a prime number?
True
Suppose -1723*z - 7205373 = -1744*z. Is z composite?
True
Let d be (-99)/(-3)*1/(-1). Let b be (-22)/d*(0 + 6). Suppose -b*f = -5*r + 7493, 4*r - f + 1495 = 5*r. Is r composite?
True
Let z be ((-4)/1)/(-3 - (-33)/12). Let k be 8/(z/6) - 1. Suppose -5*r + 3442 = -m, 1 = m - k. Is r a composite number?
True
Suppose -5*a + h = -3954783, 3*h - 1581920 = -13*a + 11*a. Is a prime?
True
Is (-247576)/42*12/(-16) composite?
False
Suppose 11*y - 6*y = 4*u - 155637, 4*u - 155597 = -3*y. Is u composite?
False
Let f be (174 + -1)/(-3 - (-496)/164). Suppose 3*y + 0*y - 4*z = f, -11799 = -5*y + z. Is y a composite number?
True
Let v be (-4)/6*(18 - 321). Suppose 4*z - 2031 = -b, -1734 = -3*z + b - v. Is (2 - (2 + -3))*z composite?
True
Is 1144486/(-6)*(-393)/131 a prime number?
False
Suppose 38*l = -82 - 32. Is (-307131)/(-77) + (12/(-14))/l a composite number?
False
Let t = 56 + -101. Let i = t - -48. Is (i - 4) + (-2 - -160) a prime number?
True
Is 1708970/203 + (12/28)/1 a composite number?
False
Let y(t) be the second derivative of 5*t**4/4 - 7*t**3/2 - 7*t**2/2 + 53*t. Is y(-6) a composite number?
False
Let x = 413323 - 261554. Is x a composite number?
False
Suppose -2261*m + 2284*m - 4736827 = 0. Is m prime?
True
Let j = 78 - 85. Let w be ((-9)/(-6))/((21/6)/j). Is (w - 1)*1917/(-6) + 4 prime?
False
Let c(q) be the first derivative of -4*q**3/3 - q**2 + 32*q + 21. Let z be c(-12). Let p = -71 - z. Is p a composite number?
False
Let j(w) = -w. Let z be j(1). Is (-2)/(z*4/2274) a composite number?
True
Let x(b) = -2*b**2 - 14*b - 20. Let p be x(-5). Let h(l) = 25*l + 13979. Is h(p) composite?
True
Suppose 363*z - 35150791 - 20174402 = 0. Is z a composite number?
True
Suppose 3*o = -15, -30*n - 59542 = -32*n + 2*o. Suppose -9*d + 8*d + 9927 = 2*l, 3*l - n = -3*d. Is d a composite number?
True
Suppose 45*w - 44*w - 88799 = 2*b, 4*w = -2*b + 355196. Is w a composite number?
False
Suppose f + 6*m - 118417 = 0, -10*m + 13*m = 4*f - 473506. Is f prime?
False
Let y(f) = f**3 - 75*f**2 + 273*f + 342. Is y(73) prime?
True
Suppose 0 = -10*b + 9*b + 7. Suppose b*j = 3694 + 2389. Suppose -3*w = -3*u - 543, -5*w + j = 3*u + u. Is w a composite number?
True
Let p(w) = -5*w + 20*w**3 - 9 + 32*w + 45*w**2 - 14*w**3 - 8*w**3. Is p(22) prime?
True
Let n(u) = 7*u**3 + 4*u**2 + u - 2. Let t be n(-2). Let j be t/22 + 4/2. Suppose j = -5*w - m + 13289, 2*w + 2*w = 2*m + 10620. Is w a composite number?
False
Suppose -f + 1123 = -5714. Suppose 4*i - f = i. Is i prime?
False
Let j(p) = -28*p - 84. Let w be j(-3). Suppose 7*v - 20382 - 7667 = w. Is v prime?
True
Let m(f) = 90161*f**3 - f**2 + 99*f - 98. Is m(1) prime?
False
Is (-15)/(-300)*10*14566 a composite number?
False
Suppose 4*a + 2*g = 185904, a + 92958 = 3*a - 2*g. Is a a prime number?
True
Let n(a) = 8 + 53 + 106*a + 74*a - 8*a. Is n(5) composite?
True
Suppose u - 106*x + 108*x - 301123 = 0, -1505570 = -5*u + 5*x. Is u composite?
True
Is (-2815392)/(-1) + 231/(-6)*168/(-924) prime?
True
Let x = -303 + 300. Let k(v) = 3434*v**2 + 7*v + 8. Is k(x) a prime number?
True
Suppose -39*h - 29 + 185 = 0. Let f(t) = 353*t**2 - 2*t + 23. Is f(h) prime?
False
Let a = 17399 - 6500. Suppose 5*d + 5*m = 18140, 0*d = 3*d - 2*m - a. Is d a composite number?
False
Is 121/121*16087*1 composite?
False
Let a(z) = -2*z + 62. Let y be a(26). Suppose 0 = -15*o + y*o + 2095. Is o a prime number?
True
Suppose 4*u + 0 - 12 = 0. Let b be (-1)/u - (-5)/15 - -2254. Suppose 677 - b = -j. Is j a prime number?
False
Let b be (10 - 7 - (-12)/(-5))*5. Suppose -h - b*h - 5*h = 0. Suppose -2*x - 10 = h, 4*k - 5*x = 1801 + 1412. Is k prime?
True
Suppose -25*a + 276420 = 26*a. Let z = -3401 + a. Is z a composite number?
True
Let h(z) = 12*z - 20. Let r be h(5). Suppose -r = -2*y - 3*y. Suppose -5*g = l - y*g - 2860, -4*g = -4*l + 11448. Is l composite?
True
Let i = -1 - -25. Let c be -3*(i/(-9))/2. Suppose x = a + 3*a + 397, 0 = -4*x + c*a + 1600. Is x a composit